{"id":298,"date":"2020-04-03T10:07:17","date_gmt":"2020-04-03T07:07:17","guid":{"rendered":"http:\/\/cloud26.hostingpalvelu.fi\/~saalisil\/yhteislupa\/information\/"},"modified":"2020-06-11T15:21:28","modified_gmt":"2020-06-11T12:21:28","slug":"information","status":"publish","type":"page","link":"https:\/\/tornealvslaxkort.se\/yhteislupa\/information\/","title":{"rendered":"INFORMATION"},"content":{"rendered":"<p><a href=\"https:\/\/yhteislupa.com\/yhteislupa\/yhteislupa\/wp-content\/uploads\/2020\/06\/yl.com_yleisesite_a4_2020_se.pdf\">LADDA NER PDF-BROSCHYREN H\u00c4R<\/a><\/p>\n<h4><\/h4>\n<h4><strong>LAXFISKE \u00c4R TILL\u00c5TET 01.06. \u2013 31.08.<\/strong><\/h4>\n<h4><strong>LAXFISKE \u00c4R F\u00d6RBJUDET<\/strong><\/h4>\n<p>SVENSK TID:\u00a0<strong>fr\u00e5n s\u00f6ndag<\/strong>\u00a0kl. 18.00-\u00a0<strong>till m\u00e5ndag<\/strong>\u00a0klo 18.00<br \/>\nFINSK TID:<strong>fr\u00e5n s\u00f6ndag<\/strong>\u00a0kl. 19.00-\u00a0<strong>till m\u00e5ndag<\/strong>\u00a0klo 19.00<\/p>\n<h4><strong>ALLT FISKE \u00c4R F\u00d6RBJUDET: 15.09.-15.12.<\/strong><\/h4>\n<h4><strong>FISKENS MINIMIM\u00c5L<\/strong><\/h4>\n<p>\u2022 LAX:\u00a0 50 cm<\/p>\n<p>\u2022 HARR:\u00a0 35 cm<\/p>\n<h4><strong>FISKEF\u00c5NGSTKVOT<\/strong><\/h4>\n<p>\u00e4r en (1) lax\/fiskedygn.<\/p>\n<h4><strong>KOM IH\u00c5G ATT ANM\u00c4L\u00c4 DIN F\u00c5NGST<\/strong><\/h4>\n<p>Anm\u00e4l din fiskef\u00e5ngst endast till ett enda anm\u00e4lningsst\u00e4lle, som du kan hitta p\u00e5 sportaff\u00e4rer, campingomr\u00e5den och hos flera tillst\u00e5ndsf\u00f6rs\u00e4ljare.<\/p>\n<h4><strong>SPRID INTE LAXPARASIT!<\/strong><\/h4>\n<p>Torka av och desinfektera dina fiskeredskap n\u00e4r du f\u00f6rflyttar dig fr\u00e5n en lax\u00e4lv till en annan.<\/p>\n<h4><strong>ANVISNINGAR F\u00d6R LAXFISKE<\/strong><\/h4>\n<p><strong>1.<\/strong>\u00a0N\u00e4r man fiskar, skall man f\u00f6lja dessa fiskeanvisningar samt fiskeregler utf\u00e4rdade av finska och svenska regeringar.<\/p>\n<p><strong>2.<\/strong>\u00a0Ifall du inte k\u00e4nner \u00e4lven tillr\u00e4ckligt, fr\u00e5ga lokala fiskare efter r\u00e5d s\u00e5 att du kan r\u00f6ra dig och fiska tryggt utan att st\u00f6ra. Ta v\u00e4l hand on dig sj\u00e4lv \u2013 det finns inga alternativ f\u00f6r flytv\u00e4st.<\/p>\n<p><strong>3.<\/strong>\u00a0K\u00f6r med motor till markerade startplatser l\u00e4ngs farleder. Under h\u00f6gvatten \u00e4r farlederna vanligen mitt i \u00e4lven, under l\u00e5gvatten \u00e4ven p\u00e5 andra st\u00e4llen.<\/p>\n<p><strong>4.<\/strong>\u00a0Undvik att k\u00f6ra med motor \u00f6ver fiskeplatser. Ge s\u00e5 gott om plats som m\u00f6jligt \u00e5t fiskarena, n\u00e4r du k\u00f6r f\u00f6rbi, och sakta ner farten.<\/p>\n<p><strong>5.<\/strong>\u00a0B\u00f6rja fiska p\u00e5 startplatsen, n\u00e4r det \u00e4r din tur. G\u00e5 inte om n\u00e5gon i k\u00f6n \u2013 det orsakar bara os\u00e4mja i on\u00f6dan.<\/p>\n<p><strong>6.<\/strong>\u00a0Ifall det finns fiskare vid stranden v\u00e4ntanda p\u00e5 sin roddtur, k\u00f6r till strand och v\u00e4nta p\u00e5 din egen tur. B\u00f6rja inte fiska nedanf\u00f6r b\u00e5tar som finns p\u00e5 v\u00e4nteplats.<\/p>\n<p><strong>7.<\/strong>\u00a0Ro inte f\u00f6r l\u00e4nge p\u00e5 samma fiskeplats, det st\u00f6r andra fiskare.<\/p>\n<p><strong>8.<\/strong>\u00a0V\u00e4j fiskare som tr\u00f6ttar ut fiske, och kom ih\u00e5g att laxen som fiskaren har fast kan vara upptill 200 m fr\u00e5n fiskaren. Vid behov veva dina egna drag.<\/p>\n<p><strong>9.\u00a0<\/strong>N\u00e4r du g\u00f6r upp eld, anv\u00e4nd endast de befintliga grillplatserna. Skada inte levande tr\u00e4d. Grillplatserna och vindskydden \u00e4r inte avsedda f\u00f6r campande utan f\u00f6r raster och kortare vilopauser.<\/p>\n<p><strong>10.<\/strong>\u00a0Skr\u00e4pa inte ner i naturen! Ta med ditt avfall eller l\u00e4gg dem i de befintliga sops\u00e4ckarna. Br\u00e4nnbart material kan du elda upp p\u00e5 platsen. Skydda den \u00f6mt\u00e5liga milj\u00f6n alltid och \u00f6verallt.<\/p>\n<p><strong>11.\u00a0<\/strong>Kom ih\u00e5g, att g\u00f6ra anm\u00e4lan om din fiskef\u00e5ngst \u2013 det \u00e4r viktigare \u00e4n du tror! F\u00e5ngstuppgifts samlingsplatser finns hos de flesta f\u00f6rs\u00e4ljningsplatserna f\u00f6r fisketillst\u00e5nd som sportaff\u00e4rer samt campingomr\u00e5de.<\/p>\n<p><strong>12.<\/strong>\u00a0Roffa inte \u00e5t dig! Det finns inte lax i o\u00e4ndlighet och liksom alla andra b\u00e4r Du ansvaret att h\u00e5lla laxbest\u00e5ndet vid liv. Kom ih\u00e5g att laxen h\u00e5ller sig \u00e4ven som fryst h\u00f6gsta ett par m\u00e5nader.<\/p>\n<h4>\nETT AVTAL OM DET GEMENSAMMA FISKET MED DRAG OCH SP\u00d6 HAR SLUTITS MELLAN HAVS- OCH VATTENMYNDIGHETEN OCH <strong>LAPPLANDS N\u00c4RINGS-, TRAFIK- OCH MILJ\u00d6CENTRAL SAMT DE FISKELAG OCH VATTENOMR\u00c5DES\u00c4GARE SOM UTG\u00d6R AVTALSPARTER F\u00d6R DET GEMENSAMMA TILLST\u00c5NDSOMR\u00c5DET F\u00d6R FISKE MED DRAG OCH SP\u00d6 I TORNE-MUONIO-K\u00d6NK\u00c4M\u00c4LV.<\/strong><\/h4>\n<p>&nbsp;<\/p>\n<h5><strong>\u00a0AVTALET G\u00c4LLER INTE F\u00d6R:<\/strong><\/h5>\n<p>&#8211; fiskeomr\u00e5det Matkakoski p\u00e5 den Svenska sidan.<\/p>\n<p>&#8211; fiskning av andra arter \u00e4n lax p\u00e5 privata vattenomr\u00e5den i finska Pello kommun.<\/p>\n<p><strong><em>LAX\u00d6RINGEN<\/em><\/strong>\u00a0\u00c4R FRIDLYST I TORNE\u00c4LVENS FISKEOMR\u00c5DE!!.<\/p>\n<h4><strong>FISKE P\u00c5 FINSKA SIDAN:<\/strong><\/h4>\n<p>Att fiska efter lax \u00e4r till\u00e5tet p\u00e5 den finska delen av Torne\u00e4lvens, Muonio\u00e4lvens och K\u00f6nk\u00e4m\u00e4eno\u00e4lvens (gr\u00e4ns\u00e4lvar) vattenomr\u00e5den, tillst\u00e5ndet g\u00e4ller upp till Kilpisj\u00e4rvi.<\/p>\n<p>Att fiska efter andra fiskearter \u00e4r till\u00e5tet endast p\u00e5 f\u00f6ljande gr\u00e4nsvattenomr\u00e5den:<\/p>\n<p>Pirkki\u00f6 skifteslag, Torne\u00e5 stad, Kiviranta, Kukkolankoski och Karunki fiskelag, Kukkola samf\u00e4llighet, Alavojakkala skifteslags samf\u00e4llighet, Ylivojakkala fiskelag, Matkakoski Oy, Korpikyl\u00e4n samf\u00e4llighet, Kaulinranta, N\u00e4rkki-Tengeli\u00f6-Portimo, Kainuunkyl\u00e4, Nuotioranta, Alkkula, Armassaari och Kolari, Finska staten\/Forststyrelsen, Lappea-\u00c4\u00e4verkoski, Ristimella-Luttunen fiskeomr\u00e5de, samf\u00e4lligheterna i Kangosj\u00e4rvi, Muonionniska, Ylimuonio, Ylimuonio Isosaari, K\u00e4tk\u00e4suvanto och Palojoensuu. Karesuvanto fiskelag, Kelottij\u00e4rvi fisfiskelag.<\/p>\n<h4>\n<strong>FISKE P\u00c5 SVENSKA SIDAN:<\/strong><\/h4>\n<p>Att fiska lax och \u00f6vriga fiskarter \u00e4r till\u00e5tet endast i f\u00f6ljandegr\u00e4nsvattenomr\u00e5den:<\/p>\n<p>Nerdre Vojakkalas, \u00d6vre Vojakkalas och Kukkolas vattenomr\u00e5den, Forest Land ock Linus Rova, Parkajoki fiskev\u00e5rdsf\u00f6rening, Kieksi\u00e4isvaaras skifteslag, Kengis samf\u00e4llighetsf\u00f6rening\/C-E Sohlberg, Ruokoj\u00e4rvis skifteslag, Jarhois- och Kassa samf\u00e4llighetsf\u00f6rening, Juoksengis och Kuivakangas skifteslags samf\u00e4llighetsf\u00f6reningar, Pello samf\u00e4llighetsf\u00f6rening, Ruskolas skifteslag, Vitsaniemi skifteslags samf\u00e4llighetsf\u00f6rening. Niemis skifteslags, P\u00e4kkil\u00e4 byasamf\u00e4llighet, Huuki byasamf\u00e4llighet, Ristimella 1:1, Koivukyl\u00e4 Byam\u00e4ns Samanf\u00e4llighetf\u00f6rening.\u00a0I Pajala kommun p\u00e5 den svenska sidan g\u00e4ller tillst\u00e5ndet endast f\u00f6r fiske efter lax.<\/p>\n<h4><strong>FISKE FR\u00c5N STRAND:<\/strong><\/h4>\n<p>Det gemensamma tillst\u00e5ndet ber\u00e4ttigar sportfiske efter lax fr\u00e5n stranden p\u00e5 finska sidan. P\u00e5 svenska sidan f\u00e5r fiske fr\u00e5n stranden endast bedrivas p\u00e5 de skifteslags omr\u00e5den, som \u00e4r med i detta avtal samt inom Pajala kommun endast p\u00e5 anvisade av fiskelagen m\u00e4rkta omr\u00e5den. Vid fiske fr\u00e5n rodd- eller motordriven b\u00e5t f\u00e5r fiske endast ske p\u00e5 vattenomr\u00e5de.<\/p>\n<p>F\u00f6rutom detta avtal g\u00e4ller den nya fiskestadgan f\u00f6r Torne\u00e4lvens fiskeomr\u00e5de fr\u00e5n och med 2010-10-01\u00a0\u00a0<a href=\"http:\/\/www.finlex.fi\/fi\/\">www.finlex.fi\/fi\/<\/a>sopimukset\/sopimussarja\/2010\/20100029.pdf<\/p>\n<p>Iforsarna d\u00e4r Torne- och Muonio\u00e4lvarna f\u00f6renar sig och som \u00e4gs av Lappean-\u00c4\u00e4verkosken Osakaskunta och Kengis Bruk AB (C-E Sohlberg) f\u00e5r p\u00e5 ett vattenomr\u00e5de om 3 hektar sportfiske av s\u00e4kerhetssk\u00e4l endast ske till sammans med fiskeguider.<\/p>\n<p>Detta avtal g\u00e4ller inte f\u00f6r laxfisket\u00e4vlingar som arrangeras inom gr\u00e4ns\u00e4lvs\u00f6verenskommelsens verksamhetsomr\u00e5de. T\u00e4vlingsarrang\u00f6ren m\u00e5ste ha ett tillst\u00e5nd fr\u00e5n ELY-centralen eller fr\u00e5n Havs- och vattenmyndigheten och deltagarna m\u00e5ste inneha ett giltigt tillst\u00e5nd f\u00f6r fiske med drag och sp\u00f6.<\/p>\n<h4><strong>FISKE MED DRAG FR\u00c5N B\u00c5T<\/strong><\/h4>\n<p>anv\u00e4ndning av motor \u00e4r f\u00f6rbudet med undantag av lugnvattenomr\u00e5den\/selen nedstr\u00f6ms fr\u00e5n bron mellan \u00d6vertorne\u00e5 och Aavasaksa.<\/p>\n","protected":false},"excerpt":{"rendered":"<p>LADDA NER PDF-BROSCHYREN H\u00c4R LAXFISKE \u00c4R TILL\u00c5TET 01.06. \u2013 31.08. LAXFISKE \u00c4R F\u00d6RBJUDET SVENSK TID:\u00a0fr\u00e5n s\u00f6ndag\u00a0kl. 18.00-\u00a0till m\u00e5ndag\u00a0klo 18.00 FINSK TID:fr\u00e5n s\u00f6ndag\u00a0kl. 19.00-\u00a0till m\u00e5ndag\u00a0klo 19.00 ALLT FISKE \u00c4R F\u00d6RBJUDET: 15.09.-15.12. FISKENS MINIMIM\u00c5L \u2022 LAX:\u00a0 50 cm \u2022 HARR:\u00a0 35 cm FISKEF\u00c5NGSTKVOT \u00e4r en (1) lax\/fiskedygn. KOM IH\u00c5G ATT ANM\u00c4L\u00c4 DIN F\u00c5NGST Anm\u00e4l din fiskef\u00e5ngst endast [&hellip;]<\/p>\n","protected":false},"author":1,"featured_media":775,"parent":0,"menu_order":0,"comment_status":"closed","ping_status":"closed","template":"","meta":[],"acf":[],"_links":{"self":[{"href":"https:\/\/tornealvslaxkort.se\/yhteislupa\/wp-json\/wp\/v2\/pages\/298"}],"collection":[{"href":"https:\/\/tornealvslaxkort.se\/yhteislupa\/wp-json\/wp\/v2\/pages"}],"about":[{"href":"https:\/\/tornealvslaxkort.se\/yhteislupa\/wp-json\/wp\/v2\/types\/page"}],"author":[{"embeddable":true,"href":"https:\/\/tornealvslaxkort.se\/yhteislupa\/wp-json\/wp\/v2\/users\/1"}],"replies":[{"embeddable":true,"href":"https:\/\/tornealvslaxkort.se\/yhteislupa\/wp-json\/wp\/v2\/comments?post=298"}],"version-history":[{"count":5,"href":"https:\/\/tornealvslaxkort.se\/yhteislupa\/wp-json\/wp\/v2\/pages\/298\/revisions"}],"predecessor-version":[{"id":938,"href":"https:\/\/tornealvslaxkort.se\/yhteislupa\/wp-json\/wp\/v2\/pages\/298\/revisions\/938"}],"wp:featuredmedia":[{"embeddable":true,"href":"https:\/\/tornealvslaxkort.se\/yhteislupa\/wp-json\/wp\/v2\/media\/775"}],"wp:attachment":[{"href":"https:\/\/tornealvslaxkort.se\/yhteislupa\/wp-json\/wp\/v2\/media?parent=298"}],"curies":[{"name":"wp","href":"https:\/\/api.w.org\/{rel}","templated":true}]}}