{"id":569,"date":"2020-05-11T12:21:48","date_gmt":"2020-05-11T09:21:48","guid":{"rendered":"http:\/\/cloud26.hostingpalvelu.fi\/~saalisil\/yhteislupa\/information\/sopimuksen-osapuolet\/"},"modified":"2021-03-24T10:32:40","modified_gmt":"2021-03-24T08:32:40","slug":"fiskerattsinnehavare","status":"publish","type":"page","link":"https:\/\/tornealvslaxkort.se\/yhteislupa\/information\/fiskerattsinnehavare\/","title":{"rendered":"Fisker\u00e4ttsinnehavare"},"content":{"rendered":"<h4><strong>FISKER\u00c4TTSINNEHAVARE SOM ING\u00c5R SOM PARTNER I AVTALET<\/strong><\/h4>\n<p>L\u00e5get 1.4.2017<\/p>\n<h5><strong>FINLAND<\/strong><\/h5>\n<p>Pirkki\u00f6 skifteslag, Torne\u00e5 stad, Kiviranta, Kukkolankoski och Karunki fiskelag, Kukkola samf\u00e4llighet, Alavojakkala skifteslags samf\u00e4llighet, Ylivojakkala fiskelag, Matkakoski Oy, Korpikyl\u00e4n samf\u00e4llighet, Kaulinranta, N\u00e4rkki-Tengeli\u00f6-Portimo, Kainuunkyl\u00e4, Nuotioranta, Alkkula, Armassaari och Kolari, Finska staten\/Forststyrelsen, Lappea-\u00c4\u00e4verkoski, Ristimella-Luttunen fiskeomr\u00e5de, samf\u00e4lligheterna i Kangosj\u00e4rvi, Muonionniska, Ylimuonio, Ylimuonio Isosaari, K\u00e4tk\u00e4suvanto och Palojoensuu, Karesuvanto fiskelag, Kelottij\u00e4rvi fiskelag, Lompolo 1:1 &amp; Kuivakankankaan kalastuskunta.<\/p>\n<h5><strong>SVERIGE<\/strong><\/h5>\n<p>Nerdre Vojakkalas, \u00d6vre Vojakkalas och Kukkolas vattenomr\u00e5den, Forest Land ock Linus Rova, Parkajoki fiskev\u00e5rdsf\u00f6rening, Kieksi\u00e4is-vaaras skifteslag, Kengis samf\u00e4llighetsf\u00f6rening\/C-E Sohlberg, Ruokoj\u00e4rvis skifteslag, Jarhois- och Kassa samf\u00e4llighetsf\u00f6rening, Juoksengis och Kuivakangas skifteslags samf\u00e4llighetsf\u00f6reningar,Risudden- Vitsaniemi Samf\u00e4llighetsf\u00f6rening, Pello samf\u00e4llighetsf\u00f6rening, Ruskolas skifteslag. Niemis skifteslags, P\u00e4kkil\u00e4 byasamf\u00e4llighet, Huuki byasamf\u00e4llighet, Koivukyl\u00e4 Byamans Samf\u00e4llighetsf\u00f6rening &amp; Ristimella 1:1. I Pajala kommun p\u00e5 den svenska sidan g\u00e4ller tillst\u00e5ndet endast f\u00f6r fiske efter lax.<\/p>\n","protected":false},"excerpt":{"rendered":"<p>FISKER\u00c4TTSINNEHAVARE SOM ING\u00c5R SOM PARTNER I AVTALET L\u00e5get 1.4.2017 FINLAND Pirkki\u00f6 skifteslag, Torne\u00e5 stad, Kiviranta, Kukkolankoski och Karunki fiskelag, Kukkola samf\u00e4llighet, Alavojakkala skifteslags samf\u00e4llighet, Ylivojakkala fiskelag, Matkakoski Oy, Korpikyl\u00e4n samf\u00e4llighet, Kaulinranta, N\u00e4rkki-Tengeli\u00f6-Portimo, Kainuunkyl\u00e4, Nuotioranta, Alkkula, Armassaari och Kolari, Finska staten\/Forststyrelsen, Lappea-\u00c4\u00e4verkoski, Ristimella-Luttunen fiskeomr\u00e5de, samf\u00e4lligheterna i Kangosj\u00e4rvi, Muonionniska, Ylimuonio, Ylimuonio Isosaari, K\u00e4tk\u00e4suvanto och Palojoensuu, Karesuvanto fiskelag, [&hellip;]<\/p>\n","protected":false},"author":2,"featured_media":778,"parent":298,"menu_order":0,"comment_status":"closed","ping_status":"closed","template":"","meta":[],"acf":[],"_links":{"self":[{"href":"https:\/\/tornealvslaxkort.se\/yhteislupa\/wp-json\/wp\/v2\/pages\/569"}],"collection":[{"href":"https:\/\/tornealvslaxkort.se\/yhteislupa\/wp-json\/wp\/v2\/pages"}],"about":[{"href":"https:\/\/tornealvslaxkort.se\/yhteislupa\/wp-json\/wp\/v2\/types\/page"}],"author":[{"embeddable":true,"href":"https:\/\/tornealvslaxkort.se\/yhteislupa\/wp-json\/wp\/v2\/users\/2"}],"replies":[{"embeddable":true,"href":"https:\/\/tornealvslaxkort.se\/yhteislupa\/wp-json\/wp\/v2\/comments?post=569"}],"version-history":[{"count":6,"href":"https:\/\/tornealvslaxkort.se\/yhteislupa\/wp-json\/wp\/v2\/pages\/569\/revisions"}],"predecessor-version":[{"id":3744,"href":"https:\/\/tornealvslaxkort.se\/yhteislupa\/wp-json\/wp\/v2\/pages\/569\/revisions\/3744"}],"up":[{"embeddable":true,"href":"https:\/\/tornealvslaxkort.se\/yhteislupa\/wp-json\/wp\/v2\/pages\/298"}],"wp:featuredmedia":[{"embeddable":true,"href":"https:\/\/tornealvslaxkort.se\/yhteislupa\/wp-json\/wp\/v2\/media\/778"}],"wp:attachment":[{"href":"https:\/\/tornealvslaxkort.se\/yhteislupa\/wp-json\/wp\/v2\/media?parent=569"}],"curies":[{"name":"wp","href":"https:\/\/api.w.org\/{rel}","templated":true}]}}